{"id":3751,"date":"2023-09-28T15:06:19","date_gmt":"2023-09-28T13:06:19","guid":{"rendered":"https:\/\/beta-clic.com\/?post_type=product&#038;p=3751"},"modified":"2023-09-28T15:07:42","modified_gmt":"2023-09-28T13:07:42","slug":"creation-gestion-dun-compte-instagram","status":"publish","type":"product","link":"https:\/\/beta-clic.com\/index.php\/produit\/creation-gestion-dun-compte-instagram\/","title":{"rendered":"Cr\u00e9ation &#038; Gestion d&#8217;un compte Instagram"},"content":{"rendered":"","protected":false},"excerpt":{"rendered":"<p><strong>Boostez votre Influence sur Instagram avec B\u00eataClic !<\/strong><\/p>\n<p>Vous r\u00eavez d&#8217;une pr\u00e9sence Instagram qui attire l&#8217;attention, g\u00e9n\u00e8re des abonn\u00e9s fid\u00e8les et propulse votre marque sous les projecteurs ? Ne cherchez pas plus loin ! Chez B\u00eataClic, nous sommes les ma\u00eetres de la cr\u00e9ation et de la gestion de pages Instagram qui font sensation.<\/p>\n<p><strong>Cr\u00e9ation \u00c9poustouflante :<\/strong> Laissez-nous vous \u00e9pater avec des designs visuels \u00e0 couper le souffle qui capturent instantan\u00e9ment l&#8217;essence de votre entreprise. Votre page Instagram deviendra une \u0153uvre d&#8217;art num\u00e9rique.<\/p>\n<p><strong>Hashtags Strat\u00e9giques :<\/strong> Les bons hashtags font toute la diff\u00e9rence. Nous les choisissons avec soin pour vous garantir une visibilit\u00e9 maximale aupr\u00e8s de votre public cible. C&#8217;est la cl\u00e9 pour vous faire conna\u00eetre.<\/p>\n<p><strong>Engagement Explosif :<\/strong> Notre \u00e9quipe d\u00e9di\u00e9e \u00e0 l&#8217;engagement fait des merveilles. Nous incitons les utilisateurs \u00e0 s&#8217;abonner, \u00e0 aimer et \u00e0 partager votre contenu. Votre notori\u00e9t\u00e9 grimpe en fl\u00e8che.<\/p>\n<p><strong>Gestion Sans Souci :<\/strong> Imaginez une gestion Instagram sans stress. C&#8217;est ce que nous offrons. De la planification minutieuse aux r\u00e9ponses rapides aux commentaires, nous prenons en charge tout le travail acharn\u00e9.<\/p>\n<p><strong>Notori\u00e9t\u00e9 In\u00e9gal\u00e9e :<\/strong> Gr\u00e2ce \u00e0 B\u00eataClic, vous ne serez plus un inconnu sur Instagram. Votre notori\u00e9t\u00e9 grandit rapidement, et votre entreprise devient une v\u00e9ritable star des m\u00e9dias sociaux.<\/p>\n<p>Chez B\u00eataClic, nous croyons fermement que l&#8217;investissement dans votre pr\u00e9sence en ligne n&#8217;est pas un luxe, mais une n\u00e9cessit\u00e9 pour r\u00e9ussir dans le monde digital. Rejoignez-nous et faites passer votre Instagram au niveau sup\u00e9rieur. Contactez-nous d\u00e8s aujourd&#8217;hui pour une consultation personnalis\u00e9e et d\u00e9couvrez comment nous pouvons transformer votre page Instagram en une v\u00e9ritable machine \u00e0 succ\u00e8s !<\/p>\n","protected":false},"featured_media":3783,"comment_status":"closed","ping_status":"closed","template":"","meta":[],"product_brand":[],"product_cat":[92,80,81,82],"product_tag":[],"class_list":{"0":"post-3751","1":"product","2":"type-product","3":"status-publish","4":"has-post-thumbnail","6":"product_cat-lead","7":"product_cat-nos-services","8":"product_cat-referencement","9":"product_cat-reseaux-sociaux","11":"first","12":"instock","13":"virtual","14":"taxable","15":"purchasable","16":"product-type-simple"},"_links":{"self":[{"href":"https:\/\/beta-clic.com\/index.php\/wp-json\/wp\/v2\/product\/3751","targetHints":{"allow":["GET"]}}],"collection":[{"href":"https:\/\/beta-clic.com\/index.php\/wp-json\/wp\/v2\/product"}],"about":[{"href":"https:\/\/beta-clic.com\/index.php\/wp-json\/wp\/v2\/types\/product"}],"replies":[{"embeddable":true,"href":"https:\/\/beta-clic.com\/index.php\/wp-json\/wp\/v2\/comments?post=3751"}],"version-history":[{"count":0,"href":"https:\/\/beta-clic.com\/index.php\/wp-json\/wp\/v2\/product\/3751\/revisions"}],"wp:featuredmedia":[{"embeddable":true,"href":"https:\/\/beta-clic.com\/index.php\/wp-json\/wp\/v2\/media\/3783"}],"wp:attachment":[{"href":"https:\/\/beta-clic.com\/index.php\/wp-json\/wp\/v2\/media?parent=3751"}],"wp:term":[{"taxonomy":"product_brand","embeddable":true,"href":"https:\/\/beta-clic.com\/index.php\/wp-json\/wp\/v2\/product_brand?post=3751"},{"taxonomy":"product_cat","embeddable":true,"href":"https:\/\/beta-clic.com\/index.php\/wp-json\/wp\/v2\/product_cat?post=3751"},{"taxonomy":"product_tag","embeddable":true,"href":"https:\/\/beta-clic.com\/index.php\/wp-json\/wp\/v2\/product_tag?post=3751"}],"curies":[{"name":"wp","href":"https:\/\/api.w.org\/{rel}","templated":true}]}}