{"id":3753,"date":"2023-09-28T15:06:19","date_gmt":"2023-09-28T13:06:19","guid":{"rendered":"https:\/\/beta-clic.com\/?post_type=product&#038;p=3753"},"modified":"2023-09-28T15:07:51","modified_gmt":"2023-09-28T13:07:51","slug":"creation-dune-video-2d-personnalisee","status":"publish","type":"product","link":"https:\/\/beta-clic.com\/index.php\/produit\/creation-dune-video-2d-personnalisee\/","title":{"rendered":"Cr\u00e9ation d&#8217;une Vid\u00e9o 2D Personnalis\u00e9e"},"content":{"rendered":"","protected":false},"excerpt":{"rendered":"<p><strong>B\u00eataClic : Votre Vid\u00e9o de Pr\u00e9sentation Sur Mesure En Quelques Secondes<\/strong><\/p>\n<p>Cher entrepreneur ambitieux, \u00e0 la recherche de la solution ultime pour captiver votre public en un \u00e9clair, nous avons une proposition incontournable : B\u00eataClic, votre partenaire de confiance pour des vid\u00e9os de pr\u00e9sentation sur mesure qui transforment des prospects en clients en quelques secondes.<\/p>\n<p><strong>Notre Service Exceptionnel :<\/strong><\/p>\n<p>Nous ne vous offrons pas seulement une vid\u00e9o, nous vous offrons un instant de magie digitale qui s\u00e9duit, informe, et convertit. Notre approche commence par un premier entretien approfondi pour comprendre vos besoins, votre entreprise, et vos aspirations. \u00c0 partir de l\u00e0, notre \u00e9quipe de cr\u00e9ateurs talentueux donne vie \u00e0 votre vision.<\/p>\n<p><strong>Pourquoi Choisir B\u00eataClic ?<\/strong><\/p>\n<ol>\n<li><strong>Cr\u00e9ativit\u00e9 Personnalis\u00e9e<\/strong> : Chaque vid\u00e9o est une \u0153uvre d&#8217;art num\u00e9rique con\u00e7ue sp\u00e9cialement pour votre entreprise, refl\u00e9tant votre style et votre message unique.<\/li>\n<li><strong>Impact Imm\u00e9diat<\/strong> : Nos vid\u00e9os sont con\u00e7ues pour captiver instantan\u00e9ment l&#8217;attention de votre public cible, les incitant \u00e0 en savoir plus sur votre entreprise.<\/li>\n<li><strong>Conversion Accrue<\/strong> : En quelques secondes, vos prospects deviennent des clients. Nos vid\u00e9os sont con\u00e7ues pour susciter l&#8217;action.<\/li>\n<li><strong>Confiance Durable<\/strong> : Nos vid\u00e9os renforcent la confiance envers votre marque, \u00e9tablissant une connexion durable avec votre public.<\/li>\n<\/ol>\n<p><strong>La Cl\u00e9 du Succ\u00e8s en Quelques Secondes : B\u00eataClic<\/strong><\/p>\n<p>Chez B\u00eataClic, nous croyons fermement que chaque seconde compte. C&#8217;est pourquoi nous mettons tout en \u0153uvre pour vous aider \u00e0 vous d\u00e9marquer dans un monde num\u00e9rique satur\u00e9 d&#8217;informations. Nos vid\u00e9os de pr\u00e9sentation sont con\u00e7ues pour \u00eatre vos ambassadeurs 24\/7, convainquant les clients potentiels \u00e0 chaque instant.<\/p>\n<p>L&#8217;investissement dans notre service de vid\u00e9os de pr\u00e9sentation sur mesure n&#8217;est pas un luxe, c&#8217;est un imp\u00e9ratif pour rester comp\u00e9titif dans le monde des affaires d&#8217;aujourd&#8217;hui. Contactez-nous d\u00e8s maintenant pour un premier entretien et d\u00e9couvrez comment B\u00eataClic peut transformer votre entreprise en une force magn\u00e9tique qui attire instantan\u00e9ment des clients.<\/p>\n<p>Ne laissez pas les opportunit\u00e9s vous passer sous le nez. Choisissez B\u00eataClic. Choisissez l&#8217;impact en quelques secondes.<\/p>\n","protected":false},"featured_media":3785,"comment_status":"closed","ping_status":"closed","template":"","meta":[],"product_brand":[],"product_cat":[92,80,81,82,86,85],"product_tag":[],"class_list":{"0":"post-3753","1":"product","2":"type-product","3":"status-publish","4":"has-post-thumbnail","6":"product_cat-lead","7":"product_cat-nos-services","8":"product_cat-referencement","9":"product_cat-reseaux-sociaux","10":"product_cat-site-e-commerce","11":"product_cat-site-internet","13":"first","14":"instock","15":"virtual","16":"taxable","17":"purchasable","18":"product-type-simple"},"_links":{"self":[{"href":"https:\/\/beta-clic.com\/index.php\/wp-json\/wp\/v2\/product\/3753","targetHints":{"allow":["GET"]}}],"collection":[{"href":"https:\/\/beta-clic.com\/index.php\/wp-json\/wp\/v2\/product"}],"about":[{"href":"https:\/\/beta-clic.com\/index.php\/wp-json\/wp\/v2\/types\/product"}],"replies":[{"embeddable":true,"href":"https:\/\/beta-clic.com\/index.php\/wp-json\/wp\/v2\/comments?post=3753"}],"version-history":[{"count":0,"href":"https:\/\/beta-clic.com\/index.php\/wp-json\/wp\/v2\/product\/3753\/revisions"}],"wp:featuredmedia":[{"embeddable":true,"href":"https:\/\/beta-clic.com\/index.php\/wp-json\/wp\/v2\/media\/3785"}],"wp:attachment":[{"href":"https:\/\/beta-clic.com\/index.php\/wp-json\/wp\/v2\/media?parent=3753"}],"wp:term":[{"taxonomy":"product_brand","embeddable":true,"href":"https:\/\/beta-clic.com\/index.php\/wp-json\/wp\/v2\/product_brand?post=3753"},{"taxonomy":"product_cat","embeddable":true,"href":"https:\/\/beta-clic.com\/index.php\/wp-json\/wp\/v2\/product_cat?post=3753"},{"taxonomy":"product_tag","embeddable":true,"href":"https:\/\/beta-clic.com\/index.php\/wp-json\/wp\/v2\/product_tag?post=3753"}],"curies":[{"name":"wp","href":"https:\/\/api.w.org\/{rel}","templated":true}]}}