{"id":3767,"date":"2023-09-28T15:06:45","date_gmt":"2023-09-28T13:06:45","guid":{"rendered":"https:\/\/beta-clic.com\/?post_type=product&#038;p=3767"},"modified":"2023-09-28T15:08:20","modified_gmt":"2023-09-28T13:08:20","slug":"creation-campagne-instagram-ads","status":"publish","type":"product","link":"https:\/\/beta-clic.com\/index.php\/produit\/creation-campagne-instagram-ads\/","title":{"rendered":"Cr\u00e9ation Campagne Instagram Ads"},"content":{"rendered":"","protected":false},"excerpt":{"rendered":"<p><strong>Dominez Instagram avec Nos Campagnes Ads Expertes<\/strong><\/p>\n<p>Chez B\u00eataClic, nous comprenons \u00e0 quel point Instagram est un canal de publicit\u00e9 puissant pour les entreprises. Nous sommes fiers de vous offrir notre expertise en mati\u00e8re de campagnes Instagram Ads pour vous aider \u00e0 atteindre vos objectifs marketing de mani\u00e8re efficace et professionnelle.<\/p>\n<p><strong>Pourquoi Choisir Nos Campagnes Instagram Ads ?<\/strong><\/p>\n<ol>\n<li><strong>Maitrise de la Plateforme<\/strong> : En tant qu&#8217;experts en marketing num\u00e9rique, nous avons une connaissance approfondie de la plateforme Instagram. Nous exploitons toutes les fonctionnalit\u00e9s disponibles pour maximiser les r\u00e9sultats de vos campagnes.<\/li>\n<li><strong>Ciblage Ultra-Pr\u00e9cis<\/strong> : Nous savons comment cibler votre public id\u00e9al sur Instagram en utilisant des crit\u00e8res tels que la d\u00e9mographie, les int\u00e9r\u00eats, le comportement en ligne, et m\u00eame en tirant parti de l&#8217;int\u00e9gration avec Facebook pour un ciblage encore plus pr\u00e9cis.<\/li>\n<li><strong>Contenu Visuel de Qualit\u00e9<\/strong> : Notre \u00e9quipe de cr\u00e9atifs con\u00e7oit des annonces visuelles percutantes qui correspondent parfaitement \u00e0 l&#8217;esth\u00e9tique d&#8217;Instagram. Chaque annonce est soigneusement con\u00e7ue pour captiver l&#8217;attention de votre audience.<\/li>\n<li><strong>Optimisation Continue<\/strong> : Nous ne nous contentons pas de lancer vos campagnes et de les oublier. Nous surveillons activement les performances, ajustons les param\u00e8tres et optimisons les annonces pour garantir que vous tirez le meilleur parti de votre budget publicitaire.<\/li>\n<\/ol>\n<p><strong>Investissez dans Votre R\u00e9ussite sur Instagram<\/strong><\/p>\n<p>Chez B\u00eataClic, nous sommes convaincus que la publicit\u00e9 sur Instagram est un investissement pr\u00e9cieux pour la croissance de votre entreprise. Notre objectif est de vous aider \u00e0 obtenir un retour sur investissement exceptionnel tout en minimisant vos co\u00fbts publicitaires.<\/p>\n<p>N&#8217;h\u00e9sitez plus \u00e0 exploiter la puissance d&#8217;Instagram pour promouvoir votre entreprise. Choisissez B\u00eataClic comme votre partenaire de confiance pour vos campagnes Instagram Ads. Contactez-nous d\u00e8s aujourd&#8217;hui pour d\u00e9couvrir comment nous pouvons augmenter votre visibilit\u00e9, g\u00e9n\u00e9rer de l&#8217;engagement et booster votre chiffre d&#8217;affaires gr\u00e2ce \u00e0 des campagnes professionnelles sur Instagram. Votre succ\u00e8s est notre priorit\u00e9 absolue.<\/p>\n","protected":false},"featured_media":3793,"comment_status":"closed","ping_status":"closed","template":"","meta":[],"product_brand":[],"product_cat":[92,80,81,82,86,85],"product_tag":[],"class_list":{"0":"post-3767","1":"product","2":"type-product","3":"status-publish","4":"has-post-thumbnail","6":"product_cat-lead","7":"product_cat-nos-services","8":"product_cat-referencement","9":"product_cat-reseaux-sociaux","10":"product_cat-site-e-commerce","11":"product_cat-site-internet","13":"first","14":"instock","15":"virtual","16":"taxable","17":"purchasable","18":"product-type-simple"},"_links":{"self":[{"href":"https:\/\/beta-clic.com\/index.php\/wp-json\/wp\/v2\/product\/3767","targetHints":{"allow":["GET"]}}],"collection":[{"href":"https:\/\/beta-clic.com\/index.php\/wp-json\/wp\/v2\/product"}],"about":[{"href":"https:\/\/beta-clic.com\/index.php\/wp-json\/wp\/v2\/types\/product"}],"replies":[{"embeddable":true,"href":"https:\/\/beta-clic.com\/index.php\/wp-json\/wp\/v2\/comments?post=3767"}],"version-history":[{"count":0,"href":"https:\/\/beta-clic.com\/index.php\/wp-json\/wp\/v2\/product\/3767\/revisions"}],"wp:featuredmedia":[{"embeddable":true,"href":"https:\/\/beta-clic.com\/index.php\/wp-json\/wp\/v2\/media\/3793"}],"wp:attachment":[{"href":"https:\/\/beta-clic.com\/index.php\/wp-json\/wp\/v2\/media?parent=3767"}],"wp:term":[{"taxonomy":"product_brand","embeddable":true,"href":"https:\/\/beta-clic.com\/index.php\/wp-json\/wp\/v2\/product_brand?post=3767"},{"taxonomy":"product_cat","embeddable":true,"href":"https:\/\/beta-clic.com\/index.php\/wp-json\/wp\/v2\/product_cat?post=3767"},{"taxonomy":"product_tag","embeddable":true,"href":"https:\/\/beta-clic.com\/index.php\/wp-json\/wp\/v2\/product_tag?post=3767"}],"curies":[{"name":"wp","href":"https:\/\/api.w.org\/{rel}","templated":true}]}}